ue
Does 37 divide 19360?
False
Is 452 a multiple of 27?
False
Is 23 a factor of 52?
False
Is 11717 a multiple of 3?
False
Is 112 a factor of 7246?
False
Is 67 a factor of 37870?
False
Is 1315 a multiple of 9?
False
Does 163 divide 24450?
True
Is 9 a factor of 360?
True
Is 11 a factor of 165?
True
Does 7 divide 1582?
True
Is 26 a factor of 31198?
False
Is 14 a factor of 32?
False
Does 36 divide 681?
False
Is 31 a factor of 818?
False
Is 2548 a multiple of 98?
True
Is 22150 a multiple of 251?
False
Is 2420 a multiple of 20?
True
Does 6 divide 11010?
True
Is 200 a multiple of 23?
False
Is 6 a factor of 675?
False
Is 477 a multiple of 4?
False
Is 10 a factor of 60?
True
Does 28 divide 1530?
False
Is 976 a multiple of 30?
False
Is 1344 a multiple of 14?
True
Is 350 a multiple of 50?
True
Is 240 a multiple of 8?
True
Does 19 divide 5377?
True
Does 10 divide 730?
True
Is 7 a factor of 392?
True
Does 2 divide 52?
True
Is 68 a factor of 6182?
False
Is 36 a factor of 648?
True
Does 27 divide 14905?
False
Does 23 divide 992?
False
Does 26 divide 3189?
False
Is 113 a multiple of 6?
False
Is 10 a factor of 250?
True
Does 30 divide 150?
True
Is 1027 a multiple of 26?
False
Does 48 divide 17280?
True
Does 6 divide 134?
False
Is 187 a multiple of 3?
False
Does 42 divide 27006?
True
Is 17661 a multiple of 29?
True
Is 1090 a multiple of 37?
False
Does 57 divide 9462?
True
Does 33 divide 1129?
False
Is 33 a factor of 726?
True
Is 2590 a multiple of 70?
True
Does 11 divide 308?
True
Is 36263 a multiple of 7?
False
Is 1078 a multiple of 11?
True
Does 42 divide 8580?
False
Does 2 divide 4637?
False
Is 814 a multiple of 74?
True
Is 1856 a multiple of 8?
True
Is 6 a factor of 228?
True
Is 44 a multiple of 22?
True
Is 6 a factor of 2076?
True
Is 42 a factor of 39701?
False
Is 5 a factor of 888?
False
Does 192 divide 4800?
True
Is 22 a factor of 1320?
True
Is 65 a factor of 1430?
True
Is 523 a multiple of 111?
False
Is 30 a factor of 870?
True
Is 8 a factor of 22536?
True
Is 28 a factor of 18508?
True
Is 1001 a multiple of 4?
False
Is 15 a factor of 195?
True
Is 47619 a multiple of 16?
False
Is 1239 a multiple of 35?
False
Does 73 divide 876?
True
Is 108 a factor of 324?
True
Is 588 a multiple of 6?
True
Is 1970 a multiple of 53?
False
Does 74 divide 232?
False
Does 110 divide 24860?
True
Is 30 a factor of 5160?
True
Does 65 divide 650?
True
Is 2975 a multiple of 89?
False
Is 34 a factor of 6092?
False
Is 6443 a multiple of 17?
True
Is 2152 a multiple of 9?
False
Does 20 divide 300?
True
Does 32 divide 2217?
False
Is 69498 a multiple of 74?
False
Is 65 a factor of 2294?
False
Is 21 a factor of 336?
True
Does 7 divide 246?
False
Is 120549 a multiple of 29?
False
Does 191 divide 22843?
False
Does 48 divide 153?
False
Does 142 divide 8206?
False
Does 134 divide 423?
False
Is 16 a factor of 98512?
True
Is 6856 a multiple of 11?
False
Is 12 a factor of 6131?
False
Does 4 divide 418?
False
Does 8 divide 4833?
False
Is 70 a factor of 275?
False
Does 162 divide 57672?
True
Does 23 divide 4807?
True
Is 31 a factor of 713?
True
Is 12175 a multiple of 32?
False
Is 53 a factor of 23678?
False
Is 1050 a multiple of 42?
True
Is 147 a factor of 23173?
False
Does 147 divide 1541?
False
Is 1171 a multiple of 83?
False
Is 103 a factor of 44084?
True
Is 11869 a multiple of 84?
False
Does 26 divide 99892?
True
Does 5 divide 610?
True
Is 94 a factor of 126420?
False
Does 21 divide 1365?
True
Is 102 a factor of 1418?
False
Does 26 divide 364?
True
Is 19 a multiple of 9?
False
Is 1091 a multiple of 9?
False
Is 1777 a multiple of 24?
False
Does 7 divide 35308?
True
Is 168 a factor of 45258?
False
Is 10 a factor of 270?
True
Is 216 a factor of 4570?
False
Is 74 a factor of 1184?
True
Is 626 a multiple of 2?
True
Is 13 a factor of 3086?
False
Is 2 a factor of 165?
False
Is 91 a factor of 5080?
False
Is 93 a multiple of 31?
True
Is 55613 a multiple of 14?
False
Is 19 a factor of 7429?
True
Is 98600 a multiple of 85?
True
Is 2750 a multiple of 55?
True
Does 6 divide 240?
True
Is 976 a multiple of 122?
True
Is 13128 a multiple of 117?
False
Does 16 divide 1136?
True
Does 176 divide 1936?
True
Is 4 a factor of 56?
True
Does 12 divide 337?
False
Is 8 a multiple of 3?
False
Is 63 a multiple of 2?
False
Is 922 a multiple of 5?
False
Is 26007 a multiple of 143?
False
Does 23 divide 3974?
False
Does 60 divide 17681?
False
Is 11 a factor of 865?
False
Is 13 a factor of 12563?
False
Is 665 a multiple of 35?
True
Does 49 divide 1813?
True
Is 3 a factor of 3359?
False
Is 10 a factor of 13704?
False
Does 50 divide 210?
False
Does 19 divide 27702?
True
Is 2406 a multiple of 6?
True
Is 688 a multiple of 86?
True
Does 26 divide 25228?
False
Is 15 a factor of 158?
False
Does 47 divide 1927?
True
Is 1511 a multiple of 18?
False
Does 18 divide 624?
False
Does 10 divide 140?
True
Does 105 divide 3067?
False
Does 3 divide 14295?
True
Is 84 a factor of 1680?
True
Does 51 divide 2754?
True
Is 21 a factor of 675?
False
Does 5 divide 2123?
False
Is 18 a factor of 21762?
True
Is 112 a factor of 43008?
True
Is 43 even?
False
Is 19 a factor of 460?
False
Is 3397 a multiple of 7?
False
Is 6049 a multiple of 111?
False
Is 83 a factor of 1882?
False
Is 1764 a multiple of 63?
True
Does 55 divide 14740?
True
Is 620 a multiple of 25?
False
Does 44 divide 2250?
False
Is 60 a factor of 5100?
True
Does 70 divide 11270?
True
Does 51 divide 23630?
False
Does 19 divide 114?
True
Is 1666 a multiple of 17?
True
Does 67 divide 1876?
True
Does 31 divide 1178?
True
Does 20 divide 273?
False
Is 6661 a multiple of 7?
False
Does 4 divide 761?
False
Does 58 divide 2320?
True
Does 25 divide 1350?
True
Does 92 divide 2760?
True
Is 23 a factor of 4187?
False
Is 900 a multiple of 36?
True
Does 26 divide 27934?
False
Does 17 divide 22124?
False
Does 31 divide 2201?
True
Is 50 a factor of 552?
False
Is 293 a multiple of 31?
False
Does 19 divide 3243?
False
Does 53 divide 53?
True
Is 12 a factor of 5160?
True
Does 10 divide 8530?
True
Is 21 a factor of 5196?
False
Does 95 divide 2565?
True
Does 7 divide 12581?
False
Is 38 a factor of 760?
True
Is 19 a factor of 6536?
True
Does 2 divide 4818?
True
Does 7 divide 178?
False
Does 116 divide 1276?
True
Is 1060 a multiple of 40?
False
Is 57 a factor of 788?
False
Does 58 divide 197?
False
Does 18 divide 2250?
True
Does 14 divide 461?
False
Is 14675 a multiple of 191?
False
Is 1352 a multiple of 8?
True
Is 279 a multiple of 21?
False
Is 14 a factor of 12284?
False
Is 8 a factor of 1832?
True
Is 264 a multiple of 88?
True
Is 1188 a multiple of 12?
True
Is 2691 a multiple of 80?
False
Does 5 divide 117?
False
Is 512 a multiple of 3?
False
Is 4692 a multiple of 34?
True
Does 30 divide 24990?
True
Is 21 a factor of 22073?
False
Is 450 a multiple of 45?
True
Is 67 a factor of 21465?
False
Is 10 a factor of 385?
False
Is 11688 a multiple of 6?
True
Is 3216 a multiple of 67?
True
Is 1678 a multiple of 53?
False
Does 117 divide 16263?
True
Does 121 divide 63337?
False
Is 221 a multiple of 25?
False
Is 28 a factor of 1484?
True
Does 39 divide 320?
False
Is 7 a factor of 133?
True
Is 1379 a multiple of 7?
True
Is 378 a multiple of 3?
True
Does 4 divide 149?
False
Is 15 a factor of 90330?
True
Is 26 a factor of 9126?
True
Is 10 a factor of 2250?
True
Is 11 a factor of 2395?
False
Is 147 a factor of 110838?
True
Is 2156 a multiple of 11?
True
Is 13416 a multiple of 8?
True
Is 15 a factor of 1410?
True
Is 68 a factor of 4624?
True
Does 6 divide 192?
True
Does 27 divide 10559?
False
Is 72 a factor of 3024?
True
Is 26204 a multiple of 39?
False
Does 132 divide 22225?
False
Does 51 divide 1398?
False
Is 5 a factor of 7380?
True
Is 25 a factor of 600?
True
Is 140 a factor of 2265?
False
Is 728 a multiple of 7?
True
Is 192 a multiple of 4?
True
Is 58 a multiple of 29?
True
Does 23 divide 297?
False
Is 1632 a multiple of 136?
True
Is 23 a factor of 1981?
False
Is 81 a multiple of 3?
True
Is 18901 a multiple of 58?
False
Does 31 divide 752?
False
Does 124 divide 12479?
False
Is 322 a multiple of 46?
True
Does 2 divide 165?
False
Is 133 a multiple of 22?
False
Does 2 divide 592?
True
Is 1345 a multiple of 19?
False
Is 14 a factor of 909?
False
Is 14 a factor of 79731?
False
Is 8 a factor of 5027?
False
Is 46 a factor of 13